{"id":5002,"date":"2021-12-09T11:21:57","date_gmt":"2021-12-09T14:21:57","guid":{"rendered":"https:\/\/www.bloe.com.br\/?post_type=product&#038;p=5002"},"modified":"2025-09-29T14:27:03","modified_gmt":"2025-09-29T17:27:03","slug":"camiseta-pet-listras-surton-masculina","status":"publish","type":"product","link":"https:\/\/www.bloe.com.br\/index.php\/produto\/camiseta-pet-listras-surton-masculina\/","title":{"rendered":"Camiseta Pet Listras (Surton) Masculina"},"content":{"rendered":"<p>Camiseta em meia malha feita com 50% de algod\u00e3o e 50% de poli\u00e9ster produzido a partir de garrafas PET. A malha, al\u00e9m de ecol\u00f3gica, tem um toque ainda mais macio do que camisetas tradicionais feitas em 100% algod\u00e3o. Al\u00e9m disso, ela j\u00e1 vem pr\u00e9-encolhida pra voc\u00ea n\u00e3o ter problema! A camiseta tem um efeito mescla que d\u00e1 aquela carinha de lavado. E uma estampa de listras na medida pra dar &#8220;aquele&#8221; estilo sem pesar no visual. A costura de refor\u00e7o no ombro melhora o acabamento e aumenta a durabilidade da sua camiseta.<\/p>\n<p>&nbsp;<\/p>\n<p>&nbsp;<\/p>\n","protected":false},"excerpt":{"rendered":"<p>Camiseta em meia malha feita com 50% de algod\u00e3o e 50% de poli\u00e9ster produzido a partir de garrafas PET.<\/p>\n","protected":false},"featured_media":5007,"comment_status":"open","ping_status":"closed","template":"","meta":{"spay_email":"","jetpack_publicize_message":"","jetpack_is_tweetstorm":false},"jetpack_publicize_connections":[],"_links":{"self":[{"href":"https:\/\/www.bloe.com.br\/index.php\/wp-json\/wp\/v2\/product\/5002"}],"collection":[{"href":"https:\/\/www.bloe.com.br\/index.php\/wp-json\/wp\/v2\/product"}],"about":[{"href":"https:\/\/www.bloe.com.br\/index.php\/wp-json\/wp\/v2\/types\/product"}],"replies":[{"embeddable":true,"href":"https:\/\/www.bloe.com.br\/index.php\/wp-json\/wp\/v2\/comments?post=5002"}],"wp:featuredmedia":[{"embeddable":true,"href":"https:\/\/www.bloe.com.br\/index.php\/wp-json\/wp\/v2\/media\/5007"}],"wp:attachment":[{"href":"https:\/\/www.bloe.com.br\/index.php\/wp-json\/wp\/v2\/media?parent=5002"}],"curies":[{"name":"wp","href":"https:\/\/api.w.org\/{rel}","templated":true}]}}