{"id":4944,"date":"2021-12-08T08:18:55","date_gmt":"2021-12-08T11:18:55","guid":{"rendered":"https:\/\/www.bloe.com.br\/?post_type=product&#038;p=4944"},"modified":"2024-05-22T13:23:16","modified_gmt":"2024-05-22T16:23:16","slug":"camisa-linho-listrada-masculina","status":"publish","type":"product","link":"https:\/\/www.bloe.com.br\/index.php\/produto\/camisa-linho-listrada-masculina\/","title":{"rendered":"Camisa Linho Listrada Masculina"},"content":{"rendered":"<p>Camisa feita com 70% de algod\u00e3o e 30% de linho. O linho \u00e9 um tecido natural e org\u00e2nico fabricado a partir de uma planta fibrosa, sem adi\u00e7\u00e3o de produtos sint\u00e9ticos. \u00c9 muito mais resistente que o algod\u00e3o, possuindo alto poder de absor\u00e7\u00e3o e tingimento. A estampa listrada \u00e9 b\u00e1sica, atemporal e bem f\u00e1cil de combinar. Fechamento com bot\u00f5es em madeira.<\/p>\n","protected":false},"excerpt":{"rendered":"<p>Camisa feita com 70% de algod\u00e3o e 30% de linho.<\/p>\n","protected":false},"featured_media":5321,"comment_status":"open","ping_status":"closed","template":"","meta":{"spay_email":"","jetpack_publicize_message":"","jetpack_is_tweetstorm":false},"jetpack_publicize_connections":[],"_links":{"self":[{"href":"https:\/\/www.bloe.com.br\/index.php\/wp-json\/wp\/v2\/product\/4944"}],"collection":[{"href":"https:\/\/www.bloe.com.br\/index.php\/wp-json\/wp\/v2\/product"}],"about":[{"href":"https:\/\/www.bloe.com.br\/index.php\/wp-json\/wp\/v2\/types\/product"}],"replies":[{"embeddable":true,"href":"https:\/\/www.bloe.com.br\/index.php\/wp-json\/wp\/v2\/comments?post=4944"}],"wp:featuredmedia":[{"embeddable":true,"href":"https:\/\/www.bloe.com.br\/index.php\/wp-json\/wp\/v2\/media\/5321"}],"wp:attachment":[{"href":"https:\/\/www.bloe.com.br\/index.php\/wp-json\/wp\/v2\/media?parent=4944"}],"curies":[{"name":"wp","href":"https:\/\/api.w.org\/{rel}","templated":true}]}}