{"id":4920,"date":"2021-12-06T15:16:24","date_gmt":"2021-12-06T18:16:24","guid":{"rendered":"https:\/\/www.bloe.com.br\/?post_type=product&#038;p=4920"},"modified":"2022-12-06T10:02:36","modified_gmt":"2022-12-06T13:02:36","slug":"camiseta-pet-arvore-feminina","status":"publish","type":"product","link":"https:\/\/www.bloe.com.br\/index.php\/produto\/camiseta-pet-arvore-feminina\/","title":{"rendered":"Camiseta Pet \u00c1rvore Feminina"},"content":{"rendered":"<p>Camiseta b\u00e1sica em meia malha feita com 50% de algod\u00e3o e 50% de poli\u00e9ster produzido a partir de garrafas PET. A malha, al\u00e9m de ecol\u00f3gica, tem um toque ainda mais macio do que camisetas tradicionais feitas em 100% algod\u00e3o. A camiseta tem um efeito mescla que d\u00e1 aquela carinha de lavado. O \u201c<em>shape<\/em>\u201d \u00e9 aquele mais soltinho que veste bem em v\u00e1rios tipos de corpos. D\u00e1 pra usar em ocasi\u00f5es mais descontra\u00eddas, mas tamb\u00e9m \u00e9 uma pe\u00e7a super coringa na hora de compor aquele look \u201c<em>high and low<\/em>\u201d.<\/p>\n","protected":false},"excerpt":{"rendered":"<p>Camiseta b\u00e1sica em meia malha feita com 50% de algod\u00e3o e 50% de poli\u00e9ster produzido a partir de garrafas PET.<\/p>\n","protected":false},"featured_media":4921,"comment_status":"open","ping_status":"closed","template":"","meta":{"spay_email":"","jetpack_publicize_message":"","jetpack_is_tweetstorm":false},"jetpack_publicize_connections":[],"_links":{"self":[{"href":"https:\/\/www.bloe.com.br\/index.php\/wp-json\/wp\/v2\/product\/4920"}],"collection":[{"href":"https:\/\/www.bloe.com.br\/index.php\/wp-json\/wp\/v2\/product"}],"about":[{"href":"https:\/\/www.bloe.com.br\/index.php\/wp-json\/wp\/v2\/types\/product"}],"replies":[{"embeddable":true,"href":"https:\/\/www.bloe.com.br\/index.php\/wp-json\/wp\/v2\/comments?post=4920"}],"wp:featuredmedia":[{"embeddable":true,"href":"https:\/\/www.bloe.com.br\/index.php\/wp-json\/wp\/v2\/media\/4921"}],"wp:attachment":[{"href":"https:\/\/www.bloe.com.br\/index.php\/wp-json\/wp\/v2\/media?parent=4920"}],"curies":[{"name":"wp","href":"https:\/\/api.w.org\/{rel}","templated":true}]}}