{"id":4397,"date":"2021-11-30T10:16:58","date_gmt":"2021-11-30T13:16:58","guid":{"rendered":"https:\/\/www.bloe.com.br\/?post_type=product&#038;p=4397"},"modified":"2022-11-22T08:03:13","modified_gmt":"2022-11-22T11:03:13","slug":"regata-misturinha-modal-e-linho-feminina","status":"publish","type":"product","link":"https:\/\/www.bloe.com.br\/index.php\/produto\/regata-misturinha-modal-e-linho-feminina\/","title":{"rendered":"Regata Misturinha Modal e Linho Feminina"},"content":{"rendered":"<p>Regata feita em malha bem leve, com 70% de modal e 30% de linho. A fibra de modal \u00e9 livre de subst\u00e2ncias nocivas, pesticidas e n\u00e3o causa irrita\u00e7\u00e3o da pele. Ela \u00e9 ecologicamente produzida a partir da celulose encontrada na madeira e possui alta taxa de absor\u00e7\u00e3o (absorve 50% a mais que o algod\u00e3o) e evapora\u00e7\u00e3o da umidade. O linho \u00e9 um tecido natural e org\u00e2nico. A modelagem \u00e9 levemente acinturada e com uma fenda lateral que d\u00e1 um chame, mas por ser transpassada n\u00e3o mostra mais que o necess\u00e1rio. A pe\u00e7a, que \u00e9 b\u00e1sica, ganha uma bossa com o corte a fio presente na gola, mangas, laterais e barra. Tem bolso no peito.<\/p>\n","protected":false},"excerpt":{"rendered":"<p>Regata feita em malha bem leve, com 70% de modal e 30% de linho.<\/p>\n","protected":false},"featured_media":5271,"comment_status":"open","ping_status":"closed","template":"","meta":{"spay_email":"","jetpack_publicize_message":"","jetpack_is_tweetstorm":false},"jetpack_publicize_connections":[],"_links":{"self":[{"href":"https:\/\/www.bloe.com.br\/index.php\/wp-json\/wp\/v2\/product\/4397"}],"collection":[{"href":"https:\/\/www.bloe.com.br\/index.php\/wp-json\/wp\/v2\/product"}],"about":[{"href":"https:\/\/www.bloe.com.br\/index.php\/wp-json\/wp\/v2\/types\/product"}],"replies":[{"embeddable":true,"href":"https:\/\/www.bloe.com.br\/index.php\/wp-json\/wp\/v2\/comments?post=4397"}],"wp:featuredmedia":[{"embeddable":true,"href":"https:\/\/www.bloe.com.br\/index.php\/wp-json\/wp\/v2\/media\/5271"}],"wp:attachment":[{"href":"https:\/\/www.bloe.com.br\/index.php\/wp-json\/wp\/v2\/media?parent=4397"}],"curies":[{"name":"wp","href":"https:\/\/api.w.org\/{rel}","templated":true}]}}