{"id":4373,"date":"2021-11-30T10:12:37","date_gmt":"2021-11-30T13:12:37","guid":{"rendered":"https:\/\/www.bloe.com.br\/?post_type=product&#038;p=4373"},"modified":"2022-11-11T14:23:47","modified_gmt":"2022-11-11T17:23:47","slug":"blusa-pet-piquet-feminina","status":"publish","type":"product","link":"https:\/\/www.bloe.com.br\/index.php\/produto\/blusa-pet-piquet-feminina\/","title":{"rendered":"Blusa Pet Piquet Feminina"},"content":{"rendered":"<p>Blusa em malha Piquet, feito com 50% de algod\u00e3o e 50% de poli\u00e9ster produzido a partir de garrafas PET. A malha, al\u00e9m de ecol\u00f3gica, tem um toque ainda mais macio do que malhas tradicionais feitas em 100% algod\u00e3o. Com detalhes de costura em corte a fio, vista com bot\u00f5es e recorte com franzido na barra.<\/p>\n","protected":false},"excerpt":{"rendered":"<p>Blusa em malha Piquet, feito com 50% de algod\u00e3o e 50% de poli\u00e9ster produzido a partir de garrafas PET.<\/p>\n","protected":false},"featured_media":4375,"comment_status":"open","ping_status":"closed","template":"","meta":{"spay_email":"","jetpack_publicize_message":"","jetpack_is_tweetstorm":false},"jetpack_publicize_connections":[],"_links":{"self":[{"href":"https:\/\/www.bloe.com.br\/index.php\/wp-json\/wp\/v2\/product\/4373"}],"collection":[{"href":"https:\/\/www.bloe.com.br\/index.php\/wp-json\/wp\/v2\/product"}],"about":[{"href":"https:\/\/www.bloe.com.br\/index.php\/wp-json\/wp\/v2\/types\/product"}],"replies":[{"embeddable":true,"href":"https:\/\/www.bloe.com.br\/index.php\/wp-json\/wp\/v2\/comments?post=4373"}],"wp:featuredmedia":[{"embeddable":true,"href":"https:\/\/www.bloe.com.br\/index.php\/wp-json\/wp\/v2\/media\/4375"}],"wp:attachment":[{"href":"https:\/\/www.bloe.com.br\/index.php\/wp-json\/wp\/v2\/media?parent=4373"}],"curies":[{"name":"wp","href":"https:\/\/api.w.org\/{rel}","templated":true}]}}