{"id":4330,"date":"2021-11-30T09:24:22","date_gmt":"2021-11-30T12:24:22","guid":{"rendered":"https:\/\/www.bloe.com.br\/?post_type=product&#038;p=4330"},"modified":"2023-09-15T10:17:24","modified_gmt":"2023-09-15T13:17:24","slug":"camiseta-pet-veleiro-feminina","status":"publish","type":"product","link":"https:\/\/www.bloe.com.br\/index.php\/produto\/camiseta-pet-veleiro-feminina\/","title":{"rendered":"Camiseta Pet Veleiro Feminina"},"content":{"rendered":"<p>Camiseta em meia malha feita com 50% de algod\u00e3o e 50% de poli\u00e9ster produzido a partir de garrafas PET. A malha, al\u00e9m de ecol\u00f3gica, tem um toque ainda mais macio do que camisetas tradicionais feitas em 100% algod\u00e3o. O \u201cshape\u201d \u00e9 levemente acinturado e com um evas\u00ea no final, que veste bem em v\u00e1rios tipos de corpos. A pe\u00e7a, que \u00e9 b\u00e1sica, ganha uma bossa com o corte a fio presente na gola, mangas e barra, e com a estampa de veleiro.<\/p>\n","protected":false},"excerpt":{"rendered":"<p>Camiseta em meia malha feita com 50% de algod\u00e3o e 50% de poli\u00e9ster produzido a partir de garrafas PET.<\/p>\n","protected":false},"featured_media":4336,"comment_status":"open","ping_status":"closed","template":"","meta":{"spay_email":"","jetpack_publicize_message":"","jetpack_is_tweetstorm":false},"jetpack_publicize_connections":[],"_links":{"self":[{"href":"https:\/\/www.bloe.com.br\/index.php\/wp-json\/wp\/v2\/product\/4330"}],"collection":[{"href":"https:\/\/www.bloe.com.br\/index.php\/wp-json\/wp\/v2\/product"}],"about":[{"href":"https:\/\/www.bloe.com.br\/index.php\/wp-json\/wp\/v2\/types\/product"}],"replies":[{"embeddable":true,"href":"https:\/\/www.bloe.com.br\/index.php\/wp-json\/wp\/v2\/comments?post=4330"}],"wp:featuredmedia":[{"embeddable":true,"href":"https:\/\/www.bloe.com.br\/index.php\/wp-json\/wp\/v2\/media\/4336"}],"wp:attachment":[{"href":"https:\/\/www.bloe.com.br\/index.php\/wp-json\/wp\/v2\/media?parent=4330"}],"curies":[{"name":"wp","href":"https:\/\/api.w.org\/{rel}","templated":true}]}}