{"id":3861,"date":"2021-11-05T11:21:51","date_gmt":"2021-11-05T14:21:51","guid":{"rendered":"https:\/\/www.bloe.com.br\/?post_type=product&#038;p=3861"},"modified":"2023-11-25T20:12:31","modified_gmt":"2023-11-25T23:12:31","slug":"camiseta-pet-sobreposicoes-masculina","status":"publish","type":"product","link":"https:\/\/www.bloe.com.br\/index.php\/produto\/camiseta-pet-sobreposicoes-masculina\/","title":{"rendered":"Camiseta Pet Sobreposi\u00e7\u00f5es Masculina"},"content":{"rendered":"<p>Camiseta com detalhe de estampa tri\u00e2ngulo sobrepostos, com t\u00e9cnica em relevo. Etiquetas e tags feitos com reaproveitamento de retalhos da produ\u00e7\u00e3o. <strong>Composi\u00e7\u00e3o:<\/strong> feito com 50% de algod\u00e3o e 50% de poli\u00e9ster. A meia malha combina algod\u00e3o certificado BCI (Better Cotton Initiative\u00ae) com 50% de poli\u00e9ster produzido a partir de garrafas PET. A malha, al\u00e9m de ecol\u00f3gica, tem um toque ainda mais macio do que camisetas tradicionais feitas em 100% algod\u00e3o. Estima-se que a cada camiseta, certa de duas garrafas s\u00e3o reaproveitadas.<\/p>\n","protected":false},"excerpt":{"rendered":"<p>Camiseta com detalhe de estampa tri\u00e2ngulo sobrepostos, com t\u00e9cnica em relevo.<\/p>\n","protected":false},"featured_media":3871,"comment_status":"open","ping_status":"closed","template":"","meta":{"spay_email":"","jetpack_publicize_message":"","jetpack_is_tweetstorm":false},"jetpack_publicize_connections":[],"_links":{"self":[{"href":"https:\/\/www.bloe.com.br\/index.php\/wp-json\/wp\/v2\/product\/3861"}],"collection":[{"href":"https:\/\/www.bloe.com.br\/index.php\/wp-json\/wp\/v2\/product"}],"about":[{"href":"https:\/\/www.bloe.com.br\/index.php\/wp-json\/wp\/v2\/types\/product"}],"replies":[{"embeddable":true,"href":"https:\/\/www.bloe.com.br\/index.php\/wp-json\/wp\/v2\/comments?post=3861"}],"wp:featuredmedia":[{"embeddable":true,"href":"https:\/\/www.bloe.com.br\/index.php\/wp-json\/wp\/v2\/media\/3871"}],"wp:attachment":[{"href":"https:\/\/www.bloe.com.br\/index.php\/wp-json\/wp\/v2\/media?parent=3861"}],"curies":[{"name":"wp","href":"https:\/\/api.w.org\/{rel}","templated":true}]}}