{"id":3685,"date":"2021-09-22T10:13:37","date_gmt":"2021-09-22T13:13:37","guid":{"rendered":"https:\/\/www.bloe.com.br\/?post_type=product&#038;p=3685"},"modified":"2025-10-22T14:01:51","modified_gmt":"2025-10-22T17:01:51","slug":"shorts-linho-feminino","status":"publish","type":"product","link":"https:\/\/www.bloe.com.br\/index.php\/produto\/shorts-linho-feminino\/","title":{"rendered":"Shorts Linho Feminino"},"content":{"rendered":"<p>Shorts com el\u00e1stico no c\u00f3s, bolsos nas laterais e na traseira. Etiquetas e tags feitos com reaproveitamento de retalhos da produ\u00e7\u00e3o. O tecido tem alta capacidade de absor\u00e7\u00e3o e \u00e9 confort\u00e1vel para uso em dias quentes. Composi\u00e7\u00e3o: feito com 51% linho, 49% algod\u00e3o (Pima).<\/p>\n<p>O linho \u00e9 um tecido natural e org\u00e2nico fabricado a partir de uma planta fibrosa. Certificado pela EUROPEAN FLAX\u00ae, a produ\u00e7\u00e3o do nosso linho respeita crit\u00e9rios de rastreabilidade e \u00e9 cultivado sem irriga\u00e7\u00e3o e sem organismos geneticamente modificados. A certifica\u00e7\u00e3o OEKO-TEX 100 atesta que o tecido \u00e9 livre de subst\u00e2ncias nocivas, pesticidas e n\u00e3o causa irrita\u00e7\u00e3o \u00e0 pele. A tinturaria e estamparia utilizam \u00e1gua de reuso, o que evita o consumo de \u00e1gua pot\u00e1vel.<\/p>\n","protected":false},"excerpt":{"rendered":"<p>Shorts com el\u00e1stico no c\u00f3s, bolsos nas laterais e na traseira.<\/p>\n","protected":false},"featured_media":3686,"comment_status":"open","ping_status":"closed","template":"","meta":{"spay_email":"","jetpack_publicize_message":"","jetpack_is_tweetstorm":false},"jetpack_publicize_connections":[],"_links":{"self":[{"href":"https:\/\/www.bloe.com.br\/index.php\/wp-json\/wp\/v2\/product\/3685"}],"collection":[{"href":"https:\/\/www.bloe.com.br\/index.php\/wp-json\/wp\/v2\/product"}],"about":[{"href":"https:\/\/www.bloe.com.br\/index.php\/wp-json\/wp\/v2\/types\/product"}],"replies":[{"embeddable":true,"href":"https:\/\/www.bloe.com.br\/index.php\/wp-json\/wp\/v2\/comments?post=3685"}],"wp:featuredmedia":[{"embeddable":true,"href":"https:\/\/www.bloe.com.br\/index.php\/wp-json\/wp\/v2\/media\/3686"}],"wp:attachment":[{"href":"https:\/\/www.bloe.com.br\/index.php\/wp-json\/wp\/v2\/media?parent=3685"}],"curies":[{"name":"wp","href":"https:\/\/api.w.org\/{rel}","templated":true}]}}