{"id":2842,"date":"2021-08-18T15:05:14","date_gmt":"2021-08-18T18:05:14","guid":{"rendered":"https:\/\/www.bloe.com.br\/?post_type=product&#038;p=2842"},"modified":"2024-01-22T08:47:18","modified_gmt":"2024-01-22T11:47:18","slug":"camisa-malha-natural-unisex","status":"publish","type":"product","link":"https:\/\/www.bloe.com.br\/index.php\/produto\/camisa-malha-natural-unisex\/","title":{"rendered":"Camisa Malha Natural Unissex"},"content":{"rendered":"<p>Camisa manga longa feita com tecido natural, sem uso de corantes. O poli\u00e9ster utilizado em sua composi\u00e7\u00e3o \u00e9 obtido a partir da reciclagem de garrafas PET. Tamb\u00e9m \u00e9 utilizado o linho, que \u00e9 uma fibra natural, para dar um aspecto mais r\u00fastico. Composi\u00e7\u00e3o: 55% algod\u00e3o, 38% poli\u00e9ster e 7% linho. Os bot\u00f5es s\u00e3o de madeira, os tags s\u00e3o de papel reciclado e a etiqueta \u00e9 feita com tecidos de res\u00edduos de produ\u00e7\u00e3o.<\/p>\n","protected":false},"excerpt":{"rendered":"<p>Camisa manga longa feita com tecido natural, sem uso de corantes. O poli\u00e9ster utilizado em sua composi\u00e7\u00e3o \u00e9 obtido a partir da reciclagem de garrafas PET.<\/p>\n","protected":false},"featured_media":2900,"comment_status":"open","ping_status":"closed","template":"","meta":{"spay_email":"","jetpack_publicize_message":"","jetpack_is_tweetstorm":false},"jetpack_publicize_connections":[],"_links":{"self":[{"href":"https:\/\/www.bloe.com.br\/index.php\/wp-json\/wp\/v2\/product\/2842"}],"collection":[{"href":"https:\/\/www.bloe.com.br\/index.php\/wp-json\/wp\/v2\/product"}],"about":[{"href":"https:\/\/www.bloe.com.br\/index.php\/wp-json\/wp\/v2\/types\/product"}],"replies":[{"embeddable":true,"href":"https:\/\/www.bloe.com.br\/index.php\/wp-json\/wp\/v2\/comments?post=2842"}],"wp:featuredmedia":[{"embeddable":true,"href":"https:\/\/www.bloe.com.br\/index.php\/wp-json\/wp\/v2\/media\/2900"}],"wp:attachment":[{"href":"https:\/\/www.bloe.com.br\/index.php\/wp-json\/wp\/v2\/media?parent=2842"}],"curies":[{"name":"wp","href":"https:\/\/api.w.org\/{rel}","templated":true}]}}