{"id":2479,"date":"2021-07-30T11:22:29","date_gmt":"2021-07-30T14:22:29","guid":{"rendered":"https:\/\/www.bloe.com.br\/?post_type=product&#038;p=2479"},"modified":"2025-10-23T16:01:25","modified_gmt":"2025-10-23T19:01:25","slug":"shorts-alfaiataria-liocel-feminino","status":"publish","type":"product","link":"https:\/\/www.bloe.com.br\/index.php\/produto\/shorts-alfaiataria-liocel-feminino\/","title":{"rendered":"Shorts Alfaiataria Liocel Feminino"},"content":{"rendered":"<p>Short de alfaiataria, com cintura alta e bolsos traseiros e laterais. Fecho com bot\u00e3o natural de corozo (semente da palmeira). \u00d3timo para looks casuais e estilosos. Etiquetas e tags feitos com reaproveitamento de retalhos da produ\u00e7\u00e3o. A fibra de liocel \u00e9 ecologicamente produzida a partir da celulose encontrada na madeira e possui alta taxa de absor\u00e7\u00e3o e evapora\u00e7\u00e3o da umidade. Por isso \u00e9 antibacteriano e respir\u00e1vel. Tem um processo de ciclo fechado, que ajuda na regula\u00e7\u00e3o dos n\u00edveis de CO2. \u00c9 naturalmente biodegrad\u00e1vel, seu cultivo n\u00e3o requer irriga\u00e7\u00e3o ou pesticidas e n\u00e3o produz subprodutos nocivos. Em compara\u00e7\u00e3o com outras fibras artificiais, ele usa menos \u00e1gua e energia.<\/p>\n","protected":false},"excerpt":{"rendered":"<p>Short de alfaiataria, com cintura alta e bolsos traseiros e laterais. Fecho com bot\u00e3o natural de corozo (semente da palmeira). \u00d3timo para looks casuais e estilosos.<\/p>\n","protected":false},"featured_media":2481,"comment_status":"open","ping_status":"closed","template":"","meta":{"spay_email":"","jetpack_publicize_message":"","jetpack_is_tweetstorm":false},"jetpack_publicize_connections":[],"_links":{"self":[{"href":"https:\/\/www.bloe.com.br\/index.php\/wp-json\/wp\/v2\/product\/2479"}],"collection":[{"href":"https:\/\/www.bloe.com.br\/index.php\/wp-json\/wp\/v2\/product"}],"about":[{"href":"https:\/\/www.bloe.com.br\/index.php\/wp-json\/wp\/v2\/types\/product"}],"replies":[{"embeddable":true,"href":"https:\/\/www.bloe.com.br\/index.php\/wp-json\/wp\/v2\/comments?post=2479"}],"wp:featuredmedia":[{"embeddable":true,"href":"https:\/\/www.bloe.com.br\/index.php\/wp-json\/wp\/v2\/media\/2481"}],"wp:attachment":[{"href":"https:\/\/www.bloe.com.br\/index.php\/wp-json\/wp\/v2\/media?parent=2479"}],"curies":[{"name":"wp","href":"https:\/\/api.w.org\/{rel}","templated":true}]}}