{"id":2454,"date":"2021-07-30T10:41:03","date_gmt":"2021-07-30T13:41:03","guid":{"rendered":"https:\/\/www.bloe.com.br\/?post_type=product&#038;p=2454"},"modified":"2025-10-24T13:28:41","modified_gmt":"2025-10-24T16:28:41","slug":"regata-alca-fina-decote-v-liocel","status":"publish","type":"product","link":"https:\/\/www.bloe.com.br\/index.php\/produto\/regata-alca-fina-decote-v-liocel\/","title":{"rendered":"Regata Al\u00e7a Fina Decote V Liocel"},"content":{"rendered":"<p>Regata com decote \u201cV\u201d frente e costas e ajustadores nas al\u00e7as para permitir regulagem a diferentes corpos. Etiquetas e tags feitos com reaproveitamento de retalhos da produ\u00e7\u00e3o. A fibra de liocel \u00e9 ecologicamente produzida a partir da celulose encontrada na madeira e possui alta taxa de absor\u00e7\u00e3o e evapora\u00e7\u00e3o da umidade. Por isso \u00e9 antibacteriano e respir\u00e1vel. Tem um processo de ciclo fechado, que ajuda na regula\u00e7\u00e3o dos n\u00edveis de CO2. \u00c9 naturalmente biodegrad\u00e1vel, seu cultivo n\u00e3o requer irriga\u00e7\u00e3o ou pesticidas e n\u00e3o produz subprodutos nocivos. Em compara\u00e7\u00e3o com outras fibras artificiais, ele usa menos \u00e1gua e energia.<\/p>\n","protected":false},"excerpt":{"rendered":"<p>Regata com decote \u201cV\u201d frente e costas e ajustadores nas al\u00e7as para permitir regulagem a diferentes corpos.<\/p>\n","protected":false},"featured_media":2455,"comment_status":"open","ping_status":"closed","template":"","meta":{"spay_email":"","jetpack_publicize_message":"","jetpack_is_tweetstorm":false},"jetpack_publicize_connections":[],"_links":{"self":[{"href":"https:\/\/www.bloe.com.br\/index.php\/wp-json\/wp\/v2\/product\/2454"}],"collection":[{"href":"https:\/\/www.bloe.com.br\/index.php\/wp-json\/wp\/v2\/product"}],"about":[{"href":"https:\/\/www.bloe.com.br\/index.php\/wp-json\/wp\/v2\/types\/product"}],"replies":[{"embeddable":true,"href":"https:\/\/www.bloe.com.br\/index.php\/wp-json\/wp\/v2\/comments?post=2454"}],"wp:featuredmedia":[{"embeddable":true,"href":"https:\/\/www.bloe.com.br\/index.php\/wp-json\/wp\/v2\/media\/2455"}],"wp:attachment":[{"href":"https:\/\/www.bloe.com.br\/index.php\/wp-json\/wp\/v2\/media?parent=2454"}],"curies":[{"name":"wp","href":"https:\/\/api.w.org\/{rel}","templated":true}]}}