{"id":2299,"date":"2021-07-27T15:02:25","date_gmt":"2021-07-27T18:02:25","guid":{"rendered":"https:\/\/www.bloe.com.br\/?post_type=product&#038;p=2299"},"modified":"2022-04-13T14:36:43","modified_gmt":"2022-04-13T17:36:43","slug":"camiseta-pet-alvorada-masculina","status":"publish","type":"product","link":"https:\/\/www.bloe.com.br\/index.php\/produto\/camiseta-pet-alvorada-masculina\/","title":{"rendered":"Camiseta Pet Alvorada Masculina"},"content":{"rendered":"<p>Camiseta com estampa \u201calvorada\u201d sublimada, sem toque. A estampa, com toque zero, tende a ficar com o \u201cefeito marca d\u2019\u00e1gua\u201d ainda mais acentuado ap\u00f3s as primeiras lavagens. Etiquetas e tags feitos com reaproveitamento de retalhos da produ\u00e7\u00e3o. A malha ainda conta com o selo PETA VEGAN, que atesta que nenhuma de nossas mat\u00e9rias-primas \u00e9 de origem animal.<\/p>\n","protected":false},"excerpt":{"rendered":"<p>Camiseta com estampa \u201calvorada\u201d sublimada, sem toque. A estampa, com toque zero, tende a ficar com o \u201cefeito marca d\u2019\u00e1gua\u201d ainda mais acentuado ap\u00f3s as primeiras lavagens.<\/p>\n","protected":false},"featured_media":2300,"comment_status":"open","ping_status":"closed","template":"","meta":{"spay_email":"","jetpack_publicize_message":"","jetpack_is_tweetstorm":false},"jetpack_publicize_connections":[],"_links":{"self":[{"href":"https:\/\/www.bloe.com.br\/index.php\/wp-json\/wp\/v2\/product\/2299"}],"collection":[{"href":"https:\/\/www.bloe.com.br\/index.php\/wp-json\/wp\/v2\/product"}],"about":[{"href":"https:\/\/www.bloe.com.br\/index.php\/wp-json\/wp\/v2\/types\/product"}],"replies":[{"embeddable":true,"href":"https:\/\/www.bloe.com.br\/index.php\/wp-json\/wp\/v2\/comments?post=2299"}],"wp:featuredmedia":[{"embeddable":true,"href":"https:\/\/www.bloe.com.br\/index.php\/wp-json\/wp\/v2\/media\/2300"}],"wp:attachment":[{"href":"https:\/\/www.bloe.com.br\/index.php\/wp-json\/wp\/v2\/media?parent=2299"}],"curies":[{"name":"wp","href":"https:\/\/api.w.org\/{rel}","templated":true}]}}