{"id":2244,"date":"2021-07-24T21:04:48","date_gmt":"2021-07-25T00:04:48","guid":{"rendered":"https:\/\/www.bloe.com.br\/?post_type=product&#038;p=2244"},"modified":"2024-01-31T11:55:37","modified_gmt":"2024-01-31T14:55:37","slug":"camiseta-modal-conforto-masculina","status":"publish","type":"product","link":"https:\/\/www.bloe.com.br\/index.php\/produto\/camiseta-modal-conforto-masculina\/","title":{"rendered":"Camiseta Modal Conforto Masculina"},"content":{"rendered":"<p>Camiseta feita em malha leve, com 91% de modal e 9% de elastano. A fibra de modal \u00e9 livre de subst\u00e2ncias nocivas, pesticidas e n\u00e3o causa irrita\u00e7\u00e3o da pele. Ela \u00e9 ecologicamente produzida a partir da celulose encontrada na madeira e possui alta taxa de absor\u00e7\u00e3o (absorve 50% a mais que o algod\u00e3o) e evapora\u00e7\u00e3o da umidade. Gra\u00e7as a isso, \u00e9 uma malha que mant\u00e9m uma sensa\u00e7\u00e3o de frescor no calor e, por outro lado, tamb\u00e9m consegue manter aquecido no frio. Tem um toque ultra macio e \u00e9 muit\u00edssimo confort\u00e1vel. A modelagem regular garante que a pe\u00e7a n\u00e3o fique marcando muito o corpo. A pe\u00e7a, que \u00e9 b\u00e1sica, ganha uma bossa com o corte a fio presente na gola e nas mangas.<\/p>\n","protected":false},"excerpt":{"rendered":"<p>Camiseta feita em malha leve, com 91% de modal e 9% de elastano. A fibra de modal \u00e9 livre de subst\u00e2ncias nocivas, pesticidas e n\u00e3o causa irrita\u00e7\u00e3o da pele.<\/p>\n","protected":false},"featured_media":5541,"comment_status":"open","ping_status":"closed","template":"","meta":{"spay_email":"","jetpack_publicize_message":"","jetpack_is_tweetstorm":false},"jetpack_publicize_connections":[],"_links":{"self":[{"href":"https:\/\/www.bloe.com.br\/index.php\/wp-json\/wp\/v2\/product\/2244"}],"collection":[{"href":"https:\/\/www.bloe.com.br\/index.php\/wp-json\/wp\/v2\/product"}],"about":[{"href":"https:\/\/www.bloe.com.br\/index.php\/wp-json\/wp\/v2\/types\/product"}],"replies":[{"embeddable":true,"href":"https:\/\/www.bloe.com.br\/index.php\/wp-json\/wp\/v2\/comments?post=2244"}],"wp:featuredmedia":[{"embeddable":true,"href":"https:\/\/www.bloe.com.br\/index.php\/wp-json\/wp\/v2\/media\/5541"}],"wp:attachment":[{"href":"https:\/\/www.bloe.com.br\/index.php\/wp-json\/wp\/v2\/media?parent=2244"}],"curies":[{"name":"wp","href":"https:\/\/api.w.org\/{rel}","templated":true}]}}