{"id":1803,"date":"2021-07-22T10:21:01","date_gmt":"2021-07-22T13:21:01","guid":{"rendered":"https:\/\/www.bloe.com.br\/?page_id=1803"},"modified":"2022-01-05T23:15:48","modified_gmt":"2022-01-06T02:15:48","slug":"trocas-e-devolucoes","status":"publish","type":"page","link":"https:\/\/www.bloe.com.br\/index.php\/trocas-e-devolucoes\/","title":{"rendered":"Trocas e devolu\u00e7\u00f5es"},"content":{"rendered":"<div class=\"wrapper-small\"><div  class=\"column-section clearfix spaced-normal  col-align-top no-anim\"><div  class=\"column one-full last-col  col1 no-anim\" >\n<p style=\"text-align: left;\"><strong>Pol\u00edtica de Troca<\/strong><br \/>\nPor aqui, o que a gente quer \u00e9 a satisfa\u00e7\u00e3o completa de nossos clientes. Caso<br \/>\nocorra algum problema com a entrega ou com o produto, faremos tudo o que estiver ao<br \/>\nnosso alcance para solucionar com a m\u00e1xima rapidez e efici\u00eancia.<\/p>\n<p style=\"text-align: left;\">A primeira troca do produto, se for a sua primeira compra, ser\u00e1 por conta da Bloe, sem<br \/>\ncusto algum ao cliente.<\/p>\n<p style=\"text-align: left;\">Voc\u00ea pode solicitar a troca em at\u00e9 30 (trinta) dias corridos ap\u00f3s o recebimento do seu<br \/>\npedido. Para isso, o produto:<\/p>\n<ul style=\"text-align: left;\">\n<li>N\u00e3o deve conter ind\u00edcios de uso, inclusive produtos da categoria roupa \u00edntima;<\/li>\n<li>Deve conter todas as etiquetas intactas e, com seus respectivos acess\u00f3rios (ex: faixas, cintos);<\/li>\n<\/ul>\n<p style=\"text-align: left;\"><strong>Solicitar a troca do seu produto \u00e9 muito simples!<\/strong><br \/>\n1. Nos comunique<br \/>\nEnvie um e-mail para contato@bloe.com.br, informando seu nome completo, o documento<br \/>\ne o n\u00famero do seu pedido. Se for poss\u00edvel, nos d\u00ea um feedback sobre o motivo da troca.<br \/>\nNosso hor\u00e1rio de atendimento \u00e9 de segunda \u00e0 sexta-feira, das 08h00 \u00e0s 17h00 horas.<\/p>\n<p style=\"text-align: left;\">2. Envie a pe\u00e7a a ser trocada por Correio<br \/>\nNo prazo m\u00e1ximo de 7 dias, iremos retornar seu e-mail com as instru\u00e7\u00f5es de devolu\u00e7\u00e3o.<\/p>\n<p style=\"text-align: left;\">\u2013 Voc\u00ea dever\u00e1 se dirigir a uma ag\u00eancia pr\u00f3pria ou franqueada dos Correios, levando o<br \/>\nC\u00f3digo de Autoriza\u00e7\u00e3o recebido por e-mail e o produto para postagem;<\/p>\n<p style=\"text-align: left;\">\u2013 O produto deve ser devolvido sem uso em sua embalagem original e acompanhado das<br \/>\netiquetas, acess\u00f3rios e nota fiscal que foram entregues com ele;<\/p>\n<p style=\"text-align: left;\">\u2013 Conforme regra dos Correios, a Nota Fiscal do pedido deve ser apresentada pelo cliente<br \/>\njuntamente com o pacote que ser\u00e1 postado e ser\u00e1 anexada na parte externa da embalagem. Nos<br \/>\ncasos em que a Nota Fiscal estiver na parte interna do pacote, voc\u00ea dever\u00e1 preencher a<br \/>\nDeclara\u00e7\u00e3o de Conte\u00fado dispon\u00edvel nas ag\u00eancias dos Correios.<\/p>\n<p style=\"text-align: left;\">3. An\u00e1lise de Qualidade<br \/>\nUma vez recebido o produto em nosso Centro de Distribui\u00e7\u00e3o, ser\u00e1 realizada uma an\u00e1lise<br \/>\nde qualidade. S\u00f3 ser\u00e1 efetuada a troca se todas as regras forem atendidas.<\/p>\n<p style=\"text-align: left;\"><span style=\"color: #ff0000;\"><strong>Importante:<\/strong>\u00a0Os produtos passar\u00e3o por an\u00e1lise t\u00e9cnica junto ao setor de qualidade, no<\/span><br \/>\n<span style=\"color: #ff0000;\">prazo de 3 dias \u00fateis e, caso seja constatado o \u201cmau uso\u201d por parte do usu\u00e1rio, n\u00e3o haver\u00e1<\/span><br \/>\n<span style=\"color: #ff0000;\">restitui\u00e7\u00e3o de valor pago ou troca do produto, e o produto avariado ser\u00e1 devolvido ao<\/span><br \/>\n<span style=\"color: #ff0000;\">usu\u00e1rio.<\/span><\/p>\n<p style=\"text-align: left;\">\u2013 Estando tudo certo, voc\u00ea receber\u00e1 o valor correspondente a sua compra em cr\u00e9ditos da<br \/>\nBloe.<\/p>\n<p style=\"text-align: left;\">\u2013 O prazo para envio do cr\u00e9dito ser\u00e1 de at\u00e9 5 dias \u00fateis contados do recebimento da<br \/>\nmercadoria.<br \/>\nO c\u00f3digo ser\u00e1 enviado no seu e-mail. Com ele, voc\u00ea poder\u00e1 entrar no site e realizar a nova<br \/>\ncompra, aplicando o cr\u00e9dito diretamente no carrinho. Pra te deixar mais \u00e0 vontade na sua<br \/>\nescolha, o cr\u00e9dito tem validade de 1 ano.<\/p>\n<p style=\"text-align: left;\"><strong>Trocas por defeito<\/strong><br \/>\nA solicita\u00e7\u00e3o de troca de produto com defeito deve ser realizada em at\u00e9 90 (noventa) dias<br \/>\ncorridos contados da data da emiss\u00e3o da nota fiscal. N\u00e3o ser\u00e3o aceitas devolu\u00e7\u00f5es de<br \/>\nprodutos com evid\u00eancias de mau uso.<\/p>\n<p style=\"text-align: left;\">A solicita\u00e7\u00e3o de troca de produtos recebidos com embalagem avariada ou produto<br \/>\ndanificado deve ser realizada em at\u00e9 48h a contar do recebimento. O procedimento para<br \/>\nesse tipo de troca, segue as mesmas instru\u00e7\u00f5es descritas no item, 1, 2 e 3 do<br \/>\nt\u00f3pico \u201ctrocas\u201d.<\/p>\n<p style=\"text-align: left;\"><strong>Pol\u00edtica de Devolu\u00e7\u00e3o<\/strong><br \/>\nCaso se arrependa da compra, voc\u00ea pode solicitar a devolu\u00e7\u00e3o em at\u00e9 07 (sete) dias<br \/>\ncorridos ap\u00f3s o recebimento do seu pedido. Para isso, o produto:<\/p>\n<ul style=\"text-align: left;\">\n<li>N\u00e3o deve conter ind\u00edcios de uso, inclusive produtos da categoria roupa \u00edntima;<\/li>\n<li>Deve conter todas as etiquetas intactas e, com seus respectivos acess\u00f3rios (ex:<br \/>\nfaixas, cintos);<\/li>\n<\/ul>\n<p style=\"text-align: left;\"><strong>Solicitar a devolu\u00e7\u00e3o do seu produto \u00e9 muito simples!<\/strong><br \/>\n1. Nos comunique<br \/>\nEnvie um e-mail para contato@bloe.com.br, informando seu nome completo, o documento<br \/>\ne o n\u00famero do seu pedido. Se for poss\u00edvel, nos d\u00ea um feedback sobre o motivo da devolu\u00e7\u00e3o.<br \/>\nNosso hor\u00e1rio de atendimento \u00e9 de segunda-feira \u00e0 sexta-feira, das 08h00 \u00e0s 17h00 horas.<\/p>\n<p style=\"text-align: left;\">2. Envie a pe\u00e7a a ser devolvida por Correio<br \/>\nNo prazo m\u00e1ximo de 7 dias, iremos retornar seu e-mail com as instru\u00e7\u00f5es de devolu\u00e7\u00e3o.<\/p>\n<ul style=\"text-align: left;\">\n<li>Voc\u00ea dever\u00e1 se dirigir a uma ag\u00eancia pr\u00f3pria ou franqueada dos Correios, levando o C\u00f3digo de Autoriza\u00e7\u00e3o recebido por e-mail e o produto para postagem;<\/li>\n<li>O produto deve ser devolvido sem uso em sua embalagem original e acompanhado das<br \/>\netiquetas, acess\u00f3rios e nota fiscal que foram entregues com ele;<\/li>\n<li>Conforme regra dos Correios, a Nota Fiscal do pedido deve ser apresentada pelo cliente<br \/>\njuntamente com o pacote que ser\u00e1 postado e ser\u00e1 anexada na parte externa da<br \/>\nembalagem. Nos casos em que a Nota Fiscal estiver na parte interna do pacote, voc\u00ea dever\u00e1 preencher a Declara\u00e7\u00e3o de Conte\u00fado dispon\u00edvel nas ag\u00eancias dos Correios.<\/li>\n<\/ul>\n<p style=\"text-align: left;\">3. An\u00e1lise de Qualidade<br \/>\nUma vez recebido o produto em nosso Centro de Distribui\u00e7\u00e3o, ser\u00e1 realizada uma an\u00e1lise<br \/>\nde qualidade. S\u00f3 ser\u00e1 efetuada a devolu\u00e7\u00e3o e estorno se todas as regras forem atendidas.<\/p>\n<p style=\"text-align: left;\"><span style=\"color: #ff0000;\"><strong>Importante:<\/strong>\u00a0Os produtos passar\u00e3o por an\u00e1lise t\u00e9cnica junto ao setor de qualidade, no<\/span><br \/>\n<span style=\"color: #ff0000;\">prazo de 3 dias \u00fateis e, caso seja constatado o \u201cmau uso\u201d por parte do usu\u00e1rio, n\u00e3o haver\u00e1<\/span><br \/>\n<span style=\"color: #ff0000;\">restitui\u00e7\u00e3o de valor pago ou troca do produto, e o produto avariado ser\u00e1 devolvido ao<\/span><br \/>\n<span style=\"color: #ff0000;\">usu\u00e1rio.<\/span><\/p>\n<p style=\"text-align: left;\"><strong>Como ser\u00e1 feito seu reembolso<\/strong><\/p>\n<ul>\n<li style=\"text-align: left;\">Se voc\u00ea fez o pagamento de seu pedido em Boleto banc\u00e1rio\/Pix ou Transfer\u00eancia, a<br \/>\ndevolu\u00e7\u00e3o do valor ser\u00e1 realizada por meio de dep\u00f3sito banc\u00e1rio. Por isso, \u00e9 necess\u00e1rio<br \/>\nque o titular da conta corrente em que o reembolso ser\u00e1 realizado seja o mesmo que<br \/>\nfinalizou o pedido.<br \/>\nO dep\u00f3sito ser\u00e1 realizado em at\u00e9 07 dias \u00fateis, contados a partir da data de devolu\u00e7\u00e3o<br \/>\ndo(s) produto(s). Caso voc\u00ea n\u00e3o tenha conta corrente, a devolu\u00e7\u00e3o do valor ser\u00e1 realizada<br \/>\npor meio de uma \u201cordem de pagamento\u201d em nome do titular da compra, no prazo de 10<br \/>\ndias \u00fateis, contados da devolu\u00e7\u00e3o do produto.<\/li>\n<li style=\"text-align: left;\">Caso voc\u00ea n\u00e3o tenha pago seu boleto, fique tranquilo que seu pedido ser\u00e1 cancelado em<br \/>\n10 dias e os produtos n\u00e3o ser\u00e3o enviados.<\/li>\n<li style=\"text-align: left;\">Se voc\u00ea optou por pagar em Cart\u00e3o de Cr\u00e9dito, a bloe notificar\u00e1 o cancelamento \u00e0<br \/>\nadministradora do seu Cart\u00e3o de Cr\u00e9dito e solicitar\u00e1 o estorno do valor pago, o que<br \/>\nocorrer\u00e1 \u00e0 1\u00aa ou 2\u00aa fatura seguinte \u00e0 solicita\u00e7\u00e3o. Por isso, o prazo para efetiva\u00e7\u00e3o do<br \/>\nestorno depende de cada administradora. Esse prazo come\u00e7a a contar a partir da<br \/>\ndevolu\u00e7\u00e3o do(s) produto(s).<\/li>\n<li style=\"text-align: left;\">Se voc\u00ea utilizou algum Cupom de Troca em seu pedido, faremos o cr\u00e9dito do valor utilizado em sua conta na bloe e voc\u00ea poder\u00e1 utilizar esses cr\u00e9ditos novamente em um novo pedido. Essa devolu\u00e7\u00e3o se dar\u00e1 24h ap\u00f3s a devolu\u00e7\u00e3o do(s) produto(s).\n<p><span style=\"color: #ff0000;\"><strong>Importante:<\/strong> Sugerimos que confira os n\u00fameros de ag\u00eancia e conta com d\u00edgito (se houver) no seu cart\u00e3o. Se voc\u00ea possuir conta conjunta, os dados informados devem ser do primeiro titular do cart\u00e3o, caso contr\u00e1rio, ocorrer\u00e1 atraso na restitui\u00e7\u00e3o em raz\u00e3o de dados incorretos.<\/span><\/li>\n<\/ul>\n<\/div><\/div><\/div><div class=\"spacer spacer-big \"><\/div>\n","protected":false},"excerpt":{"rendered":"","protected":false},"author":1,"featured_media":0,"parent":0,"menu_order":0,"comment_status":"closed","ping_status":"closed","template":"","meta":{"spay_email":""},"_links":{"self":[{"href":"https:\/\/www.bloe.com.br\/index.php\/wp-json\/wp\/v2\/pages\/1803"}],"collection":[{"href":"https:\/\/www.bloe.com.br\/index.php\/wp-json\/wp\/v2\/pages"}],"about":[{"href":"https:\/\/www.bloe.com.br\/index.php\/wp-json\/wp\/v2\/types\/page"}],"author":[{"embeddable":true,"href":"https:\/\/www.bloe.com.br\/index.php\/wp-json\/wp\/v2\/users\/1"}],"replies":[{"embeddable":true,"href":"https:\/\/www.bloe.com.br\/index.php\/wp-json\/wp\/v2\/comments?post=1803"}],"version-history":[{"count":2,"href":"https:\/\/www.bloe.com.br\/index.php\/wp-json\/wp\/v2\/pages\/1803\/revisions"}],"predecessor-version":[{"id":5211,"href":"https:\/\/www.bloe.com.br\/index.php\/wp-json\/wp\/v2\/pages\/1803\/revisions\/5211"}],"wp:attachment":[{"href":"https:\/\/www.bloe.com.br\/index.php\/wp-json\/wp\/v2\/media?parent=1803"}],"curies":[{"name":"wp","href":"https:\/\/api.w.org\/{rel}","templated":true}]}}